+ 7*y**2 - 3*y. Let q be f(5). What is the highest common divisor of g and q?
10
Let g be (-4)/14 - 214/(-14). Let m = 2 + 1. Let x be 13 + (-2 + m - -1). Calculate the highest common divisor of g and x.
15
Let m = 66 + -60. Calculate the highest common factor of m and 18.
6
Let u be 2/4 - (-600)/16. Let b = u + -20. What is the greatest common factor of 18 and b?
18
Let g = -7 + 10. Let v be (-60)/(-10)*(-14)/(-4). What is the highest common factor of v and g?
3
Let g(n) = -n**3 - n**2 - 2*n + 4. Suppose -4*f - 3 = -3*f. Let l be g(f). What is the highest common factor of 14 and l?
14
Suppose -v - f + 90 = 19, 0 = -5*v + 2*f + 320. Calculate the greatest common factor of v and 44.
22
Suppose 12*k - 40 = 7*k. Suppose -4*c - 12 = -5*c. What is the highest common divisor of c and k?
4
Suppose -80*t + 83*t = 81. Let x be (36/8)/((-1)/(-4)). Calculate the greatest common divisor of t and x.
9
Suppose -2*t = -3*u + 2, 4 = -t - 3*t. Let s = 0 + u. Suppose s*n + 4*n = 52. Calculate the highest common factor of 39 and n.
13
Suppose -3*v + 11 = -2*d - 56, -4*v - 5*d + 74 = 0. Suppose 7*u + 65 = 2*u. Let m = v - u. Calculate the highest common divisor of m and 51.
17
Suppose -j = -4*q + 9 - 1, -5*q + 10 = 2*j. Suppose -q*b + 216 = -4*c, 4*b + 5*c + 420 = 8*b. Calculate the highest common divisor of 40 and b.
20
Let t(w) = 8*w + 1. Let k be t(4). Let v = -692 - -695. Calculate the greatest common factor of v and k.
3
Suppose 5*f - 2*q - q = -5, 0 = -2*f - 5*q + 29. Suppose 2*j = -g + 15, -4*g = j - 9*g - f. What is the greatest common divisor of j and 14?
7
Suppose -4 = 3*f - 34. Suppose -2*c - 114 = 5*g + c, -2*g = 2*c + 48. Let u be ((-270)/g)/(3/21). What is the highest common divisor of u and f?
10
Suppose 3*o + 6*o = 5445. What is the highest common factor of o and 55?
55
Let n be 6209/21 + (-8)/12. What is the greatest common factor of 59 and n?
59
Let n = -4 - -2. Let j be 44/10 + 14/(-35). Let s = n + j. What is the greatest common divisor of s and 2?
2
Let q(a) = -a**2 - 11*a - 6. Let r be q(-6). Suppose 0 = -y + 3*y + 5*m - r, -5*y + 122 = -3*m. What is the highest common divisor of 2 and y?
2
Suppose -8 = -8*n + 4*n. Calculate the highest common factor of n and 4.
2
Let c be 1*16*1 - (-1 + 4). Calculate the greatest common divisor of c and 52.
13
Suppose 4*h = -0*g + 4*g - 328, 5*g + 3*h = 394. What is the highest common factor of 16 and g?
16
Let o = -9 - 4. Let h = 9 - o. What is the greatest common factor of 2 and h?
2
Let g = -9 + 13. Suppose -4*r = -v + 46, -g*v = -2*v + 3*r - 59. Calculate the highest common divisor of 85 and v.
17
Suppose -140 = -5*f - 4*s, -8 = -4*f - 5*s + 95. Suppose 4*o + 0*o = 16. Calculate the highest common divisor of f and o.
4
Let b(a) = -a**2 + 10*a. Let v be b(10). Suppose 4*c + 7 - 27 = v. What is the greatest common factor of 5 and c?
5
Suppose 2*b = -b + 72. Calculate the greatest common factor of b and 24.
24
Let s = -4 - -8. Suppose 8*b - 3*b + 5*l = 45, -s*b + 2*l = -24. Calculate the greatest common factor of 63 and b.
7
Let g be (-2)/(-13) + 84/(-39). Let h be (-2 - g) + 0/(-1). Suppose h = -0*t - t + 3. Calculate the greatest common factor of t and 33.
3
Let p = 2 - 8. Let h = 7 + p. Let k be h*24/9*3. What is the highest common factor of k and 8?
8
Let u be -1 + -1 - (-1)/(-1). Let a = u - -4. Suppose 2*b + a = 3. Calculate the highest common factor of 2 and b.
1
Suppose 3*w - 96 = 4*k - 7*k, -4*k + 2*w = -134. Let d be ((-3)/(-5))/((-2)/(-10)). Calculate the highest common factor of d and k.
3
Let g(k) = -2 + 0 - k + 0. Let o = 15 + -21. Let n be g(o). What is the highest common factor of n and 4?
4
Let x(k) = -k + 19. Let m be x(7). What is the greatest common divisor of m and 4?
4
Suppose -4*n = 3 - 15. Let b = 10 + -9. Calculate the highest common divisor of b and n.
1
Let r be 9*2*(-1)/(-2). Calculate the greatest common factor of r and 36.
9
Let n = -15 + 26. Let b(z) = 11*z + 11. Let l(y) = -y + 11. Let i be l(4). Let j be b(i). What is the highest common divisor of j and n?
11
Suppose 5*r - 3*r - 18 = 4*f, -3*f + 19 = 5*r. Suppose -2*w + r*p + 110 = 0, 2*w + p = -0*p + 110. Calculate the highest common factor of 11 and w.
11
Let u be 3 + -20*(-3)/6. Suppose 0 = m + 5*w + u, -m = -4*m + 4*w + 56. What is the highest common divisor of 4 and m?
4
Suppose -3*j = 2*u - 29, -2*j - u - 70 = -7*j. What is the greatest common factor of j and 65?
13
Suppose 0 = 4*n - 2*n - 32. What is the highest common factor of n and 48?
16
Suppose -4*w + 5*m = -52, w + w - 32 = m. Calculate the greatest common divisor of 27 and w.
9
Suppose -3*h = 9, 0 = -8*l + 3*l + 5*h + 160. Calculate the highest common divisor of l and 29.
29
Suppose -21 = -4*c - 9. Calculate the greatest common divisor of 2 and c.
1
Suppose 26 = 4*b - 2. Let f(v) = 2*v - 8. Let h be f(11). Calculate the greatest common factor of h and b.
7
Suppose 0 = -2*g - 2*g. Suppose g*a = -4*a + 60. Let z be (54/3)/((-3)/(-20)). What is the greatest common divisor of a and z?
15
Let j = 16 - 7. What is the highest common factor of 72 and j?
9
Let a = 0 + 4. Suppose 101 = -3*g - a*r, g + 0*r + 12 = 3*r. Let x = -9 - g. What is the greatest common divisor of 45 and x?
9
Let t be ((-2)/(-3))/(1/105). Let q be (40/(-14))/((-10)/35). What is the highest common factor of t and q?
10
Suppose -16 = -3*u - 4*r, 6*u + 4*r = 4*u + 12. Suppose -3*s - 3 = -u*t + t, -2*s + 5*t = 8. What is the greatest common factor of s and 1?
1
Suppose -u = 3*u - 8, -4*y + 2*u = -188. What is the greatest common divisor of 16 and y?
16
Let g = -2 + 4. Suppose 2*w + w + 17 = g*x, 42 = 3*x + w. What is the highest common factor of x and 13?
13
Suppose -3*k + 369 = 3*s, k - 5*k = s - 498. Let x(j) = -j**3 - 4*j**2 + 4*j + 2. Let g be x(-6). Calculate the highest common factor of k and g.
25
Suppose 2*o - 2 = -3*u - 2*u, 0 = 4*o - u - 26. Suppose -s = 4*w - 10, 2*s - w = 3*w + 8. What is the highest common factor of s and o?
6
Suppose -n - 148 = -0*n. Let o = -60 - n. What is the greatest common factor of 8 and o?
8
Suppose -a + 7*a = 840. Calculate the highest common factor of a and 20.
20
Suppose 40 = 5*k - w, -5*k - 4*w = 9 - 49. What is the highest common factor of k and 36?
4
Let x(b) = -16*b - 24. Let r be x(-4). What is the greatest common factor of r and 32?
8
Let x(p) = -p**3 - 10*p**2 + 6*p + 5. Suppose -2*i - 2*s = 18, 0 = -6*s + s + 10. Let k be x(i). Calculate the greatest common factor of 15 and k.
15
Suppose 2*i + i + 5*m + 6 = 0, 0 = 4*i - 4*m - 24. Suppose i*g - 4*o = 444, 2*g - 211 = -4*o + 65. Calculate the greatest common divisor of g and 18.
18
Suppose 9*n + 95 = 5*m + 4*n, n - 66 = -4*m. Calculate the highest common factor of m and 85.
17
Suppose -2*t = 5*y + 2*t - 35, t - 17 = -4*y. Suppose -x + 78 = 5*r - y*x, 2*r - 2*x - 30 = 0. What is the greatest common factor of r and 16?
16
Let k be 15/(3/4*2). Let b = k - 7. Calculate the highest common factor of 3 and b.
3
Suppose 0 = 10*c - 8*c - 20. What is the highest common divisor of c and 4?
2
Let o be (-12)/(-36) - 28/(-6). What is the highest common divisor of o and 5?
5
Let p be ((-16)/(-6))/(16/(-240)). Let t be (p/4)/(2/(-4)). Calculate the highest common divisor of 80 and t.
20
Let j be (-4)/34 - (-9710)/170. What is the greatest common factor of j and 76?
19
Let l be (-2)/(8/(-762)) + 2/(-4). What is the greatest common divisor of 76 and l?
38
Let i be (0/1)/(1*2). Let h = 0 - i. Suppose h = -5*q - v + 102, -12 = -q + 3*v + 2. What is the greatest common divisor of 50 and q?
10
Let c be (-3 - -4)/((-3)/(-15)). Calculate the greatest common divisor of 40 and c.
5
Let t be 2/(-3 + 1 - -3). Suppose -t*z = -u - 56, z + z = -4*u + 66. Calculate the greatest common factor of z and 319.
29
Let p(b) = b**2 + 12*b + 27. Let k be p(-11). What is the highest common divisor of k and 176?
16
Let o be 801/12 + (-2)/(-8). Suppose 5*v - 492 + o = 0. Suppose 0*n = 2*n - 68. What is the highest common divisor of v and n?
17
Let u = 215 + -111. Calculate the greatest common divisor of u and 13.
13
Let s = -106 - -183. Suppose 2*n = 2*m + 52, -2*m - s = -3*n + 2*m. Calculate the greatest common factor of n and 18.
9
Let n(z) = 7*z**3 - 3*z + 2. Let y be n(1). What is the highest common divisor of y and 4?
2
Suppose -3*d - 40